{"id":992,"date":"2023-04-28T11:08:12","date_gmt":"2023-04-28T11:08:12","guid":{"rendered":"http:\/\/ustniki.pl\/?post_type=product&#038;p=992"},"modified":"2024-09-30T08:16:02","modified_gmt":"2024-09-30T07:16:02","slug":"depozytory-zintegrowane-z-alkomatem","status":"publish","type":"product","link":"https:\/\/ustniki.pl\/?product=depozytory-zintegrowane-z-alkomatem","title":{"rendered":"Alkomat EBS 010 zintegrowane z depozytorem kluczy"},"content":{"rendered":"<div id=\"hikashop_product_left_part\" class=\"hikashop_product_left_part \">\n<div id=\"hikashop_product_image_main\" class=\"hikashop_global_image_div\">\n<div id=\"hikashop_main_image_div\" class=\"hikashop_main_image_div\">\n<div id=\"hikashop_image_main_thumb_div\" class=\"hikashop_product_main_image_thumb\">\n<div class=\"hikashop_product_main_image\">\n<div class=\"hikashop_product_main_image_subdiv\"><a title=\"\" href=\"http:\/\/trzecifilar.com\/media\/com_hikashop\/upload\/depozytor_z_alkomatem.jpg\" target=\"_blank\" rel=\"noopener\" data-rel=\"{handler:'image'}\"><img decoding=\"async\" id=\"hikashop_main_image\" title=\"\" src=\"http:\/\/trzecifilar.com\/media\/com_hikashop\/upload\/thumbnails\/100x100f\/depozytor_z_alkomatem.jpg\" alt=\"depozytor_z_alkomatem\" \/><\/a><\/div>\n<\/div>\n<\/div>\n<\/div>\n<div id=\"hikashop_small_image_div\" class=\"hikashop_small_image_div\"><\/div>\n<\/div>\n<\/div>\n<div id=\"hikashop_product_right_part\" class=\"hikashop_product_right_part \">\n<div id=\"hikashop_product_vote_mini\" class=\"hikashop_product_vote_mini\">Dla 30 kluczy<\/div>\n<p><span id=\"hikashop_product_price_main\" class=\"hikashop_product_price_main\"><span class=\"hikashop_product_price_full\"><span class=\"hikashop_product_price hikashop_product_price_0\">cena netto oko\u0142o\u00a0 39 499,05 PLN<\/span><\/span><\/span><\/p>\n<p>&nbsp;<\/p>\n<div id=\"hikashop_product_quantity_main\" class=\"hikashop_product_quantity_main\"><\/div>\n<div id=\"hikashop_product_contact_main\" class=\"hikashop_product_contact_main\"><\/div>\n<div id=\"hikashop_product_tags_main\" class=\"hikashop_product_tags\"><\/div>\n<p>&nbsp;<\/p>\n<\/div>\n<div id=\"hikashop_product_bottom_part\" class=\"hikashop_product_bottom_part\">\n<div id=\"hikashop_product_description_main\" class=\"hikashop_product_description_main\">\n<p><strong>Depozytor zintegrowany z alkomatem<\/strong><\/p>\n<p>Obs\u0142uguj\u0105 od 10, 20, 50 do 100 skrytek o wymiarach 50\/57\/13 cm lub na \u017cyczenie inne wymiary.<\/p>\n<p>Cena dyspozytora skalkulowana jest\u00a0 w zal\u0119\u017cno\u015bci od ilo\u015bci skrytek.<\/p>\n<p><strong>Najwa\u017cniejsze cechy:<\/strong><\/p>\n<ul>\n<li>Identyfikacja u\u017cytkownika poprzez wprowadzenie kodu PIN lub\/i karty zbli\u017ceniowej lub\/i linii papilarnych<\/li>\n<li>Indywidualna kontrola trze\u017awo\u015bci \u00a0przed wydaniem kluczy<\/li>\n<li>(Depozytor \u00a0zintegrowany jest z alkomatem)<\/li>\n<li>Zdecydowana poprawa bezpiecze\u0144stwa<\/li>\n<li>Dotykowy ekran LCD 8,9\u2019 (kolorowy) pozwalaj\u0105cy w pe\u0142ni zarz\u0105dza\u0107 depozytorem<\/li>\n<li>Zasilanie awaryjne pozwalaj\u0105ce na prac\u0119 depozytora bez zasilania sieciowego.<\/li>\n<li>Depozytor podpi\u0119ty jest do lokalnej sieci oraz centrali alarmowej GSM<\/li>\n<li>\u0141atwo\u015b\u0107 w obs\u0142udze<\/li>\n<li>Wielofunkcyjno\u015b\u0107 depozytora<\/li>\n<li>Podana powy\u017cej cena dotyczy depozytora na 42 klucze\u00a0 z alkomatem.<\/li>\n<li><\/li>\n<li><img decoding=\"async\" src=\"http:\/\/trzecifilar.com\/images\/Key-box-from-Creone---Key-cabinet-management-KeyBox1.png\" alt=\"\" \/><img fetchpriority=\"high\" decoding=\"async\" src=\"http:\/\/trzecifilar.com\/images\/ebs.jpg\" alt=\"\" width=\"365\" height=\"352\" \/><\/li>\n<li><img decoding=\"async\" src=\"http:\/\/trzecifilar.com\/images\/KeyBox-42-1600x1200.jpg\" alt=\"\" width=\"839\" height=\"498\" \/><\/li>\n<li><img decoding=\"async\" src=\"http:\/\/trzecifilar.com\/images\/depozytor-z-alkomatem-MEDART.jpg\" alt=\"\" \/><\/li>\n<\/ul>\n<\/div>\n<\/div>\n","protected":false},"excerpt":{"rendered":"<p>Dla 30 kluczy cena netto oko\u0142o\u00a0 39 499,05 PLN &nbsp; &nbsp; Depozytor zintegrowany z alkomatem Obs\u0142uguj\u0105 od 10, 20, 50 do 100 skrytek o wymiarach 50\/57\/13 cm lub na \u017cyczenie inne wymiary. Cena dyspozytora skalkulowana jest\u00a0 w zal\u0119\u017cno\u015bci od ilo\u015bci skrytek. Najwa\u017cniejsze cechy: Identyfikacja u\u017cytkownika poprzez wprowadzenie kodu PIN lub\/i karty zbli\u017ceniowej lub\/i linii papilarnych [&hellip;]<\/p>\n","protected":false},"featured_media":993,"comment_status":"open","ping_status":"closed","template":"","meta":{"ocean_post_layout":"","ocean_both_sidebars_style":"","ocean_both_sidebars_content_width":0,"ocean_both_sidebars_sidebars_width":0,"ocean_sidebar":"","ocean_second_sidebar":"","ocean_disable_margins":"enable","ocean_add_body_class":"","ocean_shortcode_before_top_bar":"","ocean_shortcode_after_top_bar":"","ocean_shortcode_before_header":"","ocean_shortcode_after_header":"","ocean_has_shortcode":"","ocean_shortcode_after_title":"","ocean_shortcode_before_footer_widgets":"","ocean_shortcode_after_footer_widgets":"","ocean_shortcode_before_footer_bottom":"","ocean_shortcode_after_footer_bottom":"","ocean_display_top_bar":"default","ocean_display_header":"default","ocean_header_style":"","ocean_center_header_left_menu":"","ocean_custom_header_template":"","ocean_custom_logo":0,"ocean_custom_retina_logo":0,"ocean_custom_logo_max_width":0,"ocean_custom_logo_tablet_max_width":0,"ocean_custom_logo_mobile_max_width":0,"ocean_custom_logo_max_height":0,"ocean_custom_logo_tablet_max_height":0,"ocean_custom_logo_mobile_max_height":0,"ocean_header_custom_menu":"","ocean_menu_typo_font_family":"","ocean_menu_typo_font_subset":"","ocean_menu_typo_font_size":0,"ocean_menu_typo_font_size_tablet":0,"ocean_menu_typo_font_size_mobile":0,"ocean_menu_typo_font_size_unit":"px","ocean_menu_typo_font_weight":"","ocean_menu_typo_font_weight_tablet":"","ocean_menu_typo_font_weight_mobile":"","ocean_menu_typo_transform":"","ocean_menu_typo_transform_tablet":"","ocean_menu_typo_transform_mobile":"","ocean_menu_typo_line_height":0,"ocean_menu_typo_line_height_tablet":0,"ocean_menu_typo_line_height_mobile":0,"ocean_menu_typo_line_height_unit":"","ocean_menu_typo_spacing":0,"ocean_menu_typo_spacing_tablet":0,"ocean_menu_typo_spacing_mobile":0,"ocean_menu_typo_spacing_unit":"","ocean_menu_link_color":"","ocean_menu_link_color_hover":"","ocean_menu_link_color_active":"","ocean_menu_link_background":"","ocean_menu_link_hover_background":"","ocean_menu_link_active_background":"","ocean_menu_social_links_bg":"","ocean_menu_social_hover_links_bg":"","ocean_menu_social_links_color":"","ocean_menu_social_hover_links_color":"","ocean_disable_title":"default","ocean_disable_heading":"default","ocean_post_title":"","ocean_post_subheading":"","ocean_post_title_style":"","ocean_post_title_background_color":"","ocean_post_title_background":0,"ocean_post_title_bg_image_position":"","ocean_post_title_bg_image_attachment":"","ocean_post_title_bg_image_repeat":"","ocean_post_title_bg_image_size":"","ocean_post_title_height":0,"ocean_post_title_bg_overlay":0.5,"ocean_post_title_bg_overlay_color":"","ocean_disable_breadcrumbs":"default","ocean_breadcrumbs_color":"","ocean_breadcrumbs_separator_color":"","ocean_breadcrumbs_links_color":"","ocean_breadcrumbs_links_hover_color":"","ocean_display_footer_widgets":"default","ocean_display_footer_bottom":"default","ocean_custom_footer_template":""},"product_brand":[],"product_cat":[32],"product_tag":[50,49],"class_list":{"0":"post-992","1":"product","2":"type-product","3":"status-publish","4":"has-post-thumbnail","6":"product_cat-alkomaty","7":"product_tag-depozytor-kluczy","8":"product_tag-depozytor-z-alkomatem","10":"entry","11":"has-media","13":"first","14":"onbackorder","15":"shipping-taxable","16":"product-type-simple","17":"has-product-nav","18":"col","19":"span_1_of_3","20":"owp-content-center","21":"owp-thumbs-layout-horizontal","22":"owp-btn-normal","23":"owp-tabs-layout-horizontal"},"_links":{"self":[{"href":"https:\/\/ustniki.pl\/index.php?rest_route=\/wp\/v2\/product\/992","targetHints":{"allow":["GET"]}}],"collection":[{"href":"https:\/\/ustniki.pl\/index.php?rest_route=\/wp\/v2\/product"}],"about":[{"href":"https:\/\/ustniki.pl\/index.php?rest_route=\/wp\/v2\/types\/product"}],"replies":[{"embeddable":true,"href":"https:\/\/ustniki.pl\/index.php?rest_route=%2Fwp%2Fv2%2Fcomments&post=992"}],"wp:featuredmedia":[{"embeddable":true,"href":"https:\/\/ustniki.pl\/index.php?rest_route=\/wp\/v2\/media\/993"}],"wp:attachment":[{"href":"https:\/\/ustniki.pl\/index.php?rest_route=%2Fwp%2Fv2%2Fmedia&parent=992"}],"wp:term":[{"taxonomy":"product_brand","embeddable":true,"href":"https:\/\/ustniki.pl\/index.php?rest_route=%2Fwp%2Fv2%2Fproduct_brand&post=992"},{"taxonomy":"product_cat","embeddable":true,"href":"https:\/\/ustniki.pl\/index.php?rest_route=%2Fwp%2Fv2%2Fproduct_cat&post=992"},{"taxonomy":"product_tag","embeddable":true,"href":"https:\/\/ustniki.pl\/index.php?rest_route=%2Fwp%2Fv2%2Fproduct_tag&post=992"}],"curies":[{"name":"wp","href":"https:\/\/api.w.org\/{rel}","templated":true}]}}