{"id":400,"date":"2023-03-24T10:10:45","date_gmt":"2023-03-24T10:10:45","guid":{"rendered":"http:\/\/ustniki.pl\/?post_type=product&#038;p=400"},"modified":"2024-10-30T13:04:26","modified_gmt":"2024-10-30T12:04:26","slug":"alkomat-promiler-iblow-10-premium","status":"publish","type":"product","link":"https:\/\/ustniki.pl\/?product=alkomat-promiler-iblow-10-premium","title":{"rendered":"ALKOMAT PROMILER IBLOW 10 PREMIUM W WALIZCE"},"content":{"rendered":"<p><img fetchpriority=\"high\" decoding=\"async\" class=\"alignnone size-medium wp-image-401\" src=\"http:\/\/ustniki.pl\/wp-content\/uploads\/2023\/03\/iblow11-300x298.png\" alt=\"\" width=\"300\" height=\"298\" srcset=\"https:\/\/ustniki.pl\/wp-content\/uploads\/2023\/03\/iblow11-300x298.png 300w, https:\/\/ustniki.pl\/wp-content\/uploads\/2023\/03\/iblow11-100x100.png 100w, https:\/\/ustniki.pl\/wp-content\/uploads\/2023\/03\/iblow11-433x430.png 433w, https:\/\/ustniki.pl\/wp-content\/uploads\/2023\/03\/iblow11-150x150.png 150w, https:\/\/ustniki.pl\/wp-content\/uploads\/2023\/03\/iblow11.png 595w\" sizes=\"(max-width: 300px) 100vw, 300px\" \/><\/p>\n<p style=\"font-weight: 400\"><strong>Alkomat Iblow bezustnikowy w walizce 1670,00\u00a0<\/strong><\/p>\n<p style=\"font-weight: 400\">\u00a0<strong>iBlow\u00a0<\/strong>to alkomat przesiewowy . Absolutna nowo\u015b\u0107 na rynku! Najwy\u017cszej klasy alkomat opracowany, by w 100% zaspokoi\u0107 potrzeby s\u0142u\u017cb mundurowych. Idealne narz\u0119dzie do ultra-szybkiego badania grup ludzi oraz sytuacji wymagaj\u0105cych natychmiastowej interwencji (r\u00f3wnie\u017c gdy osoba badana nie chce wsp\u00f3\u0142pracowa\u0107 podczas wykonywania testu).\u00a0 Dzi\u0119ki zastosowaniu niezwykle szybkiego, nowoczesnego sensora elektrochemicznego typu FastScan 4.0 pomiar trwa zaledwie 4 sek. daj\u0105c mo\u017cliwo\u015b\u0107 przebadania ponad p\u00f3\u0142 tysi\u0105ca os\u00f3b na godzin\u0119. Cech\u0105 szczeg\u00f3lnie istotn\u0105 jest funkcja pracy w trybie pasywnym, dzi\u0119ki kt\u00f3rej mo\u017cna wykona\u0107 test na obecno\u015b\u0107 alkoholu w pojemnikach z p\u0142ynami oraz przebada\u0107 osoby niewsp\u00f3\u0142pracuj\u0105ce przy badaniu.<\/p>\n<p style=\"font-weight: 400\">Zam\u00f3w szybko poprzez tel. 501-134-201 lub\u00a0 e-mail:\u00a0<a href=\"mailto:ustniki@ustniki.pl\">ustniki@ustniki.pl<\/a><br \/>\nW iBlow o orientacyjnym st\u0119\u017ceniu alkoholu w wydychanym powietrzu informuje czytelny wy\u015bwietlacz LCD oraz wbudowana lampa sygna\u0142owa LED (zielona\/czerwona). Urz\u0105dzenie mo\u017ce by\u0107 zasilane 4 lub 6 bateriami \/ akumulatorami AA.<\/p>\n<p><strong>Alkomat posiada r\u00f3wnie\u017c ciekawe funkcjonalno\u015bci:<\/strong><br \/>\n-sygnalizator: \u015bwiat\u0142o czerwone \/zielone<br \/>\n-o\u015bwietlanie osoby badanej \/ latarka LED<br \/>\n-wbudowane w obudow\u0119 magnesy umo\u017cliwiaj\u0105ce przymocowanie alkomatu do metalowych powierzchni.<\/p>\n<p><strong>Najwa\u017cniejsze cechy alkomatu iBlow:<br \/>\n<\/strong>&#8211; Wymienny ustnik gwarantuje higieniczny przebieg pomiar\u00f3w.<br \/>\n&#8211; Pod\u015bwietlany pier\u015bcie\u0144 jest funkcj\u0105 przydatn\u0105 w trakcie kontroli kierowc\u00f3w w nocy. Delikatnie rozproszone \u015bwiat\u0142o automatycznie roz\u015bwietla twarz badanej osoby.<br \/>\n&#8211; Lampka sygnalizacyjna zmienia swoje kolory zale\u017cnie od wyniku pomiaru.<br \/>\n&#8211; Urz\u0105dzenie zosta\u0142o wyposa\u017cone w du\u017cy kontrastowy i zarazem czytelny wy\u015bwietlacz na kt\u00f3rym pokazuj\u0105 si\u0119 wyniki pomiaru.<br \/>\n&#8211;\u00a0<em>iBlow<\/em>\u00a0dodatkowo zosta\u0142 wyposa\u017cony w ukryte specjalne magnesy dzi\u0119ki, kt\u00f3rym mamy mo\u017cliwo\u015b\u0107 przyczepienie alkomatu do samochodu lub innej metalowej powierzchni.<br \/>\n&#8211; Wygodny uchwyt skrywa w sobie komor\u0119 baterii zaprojektowane w taki spos\u00f3b aby urz\u0105dzenie mog\u0142o by\u0107 zasilane 4 lub 6 bateriami. Je\u015bli wa\u017cniejsza jest waga urz\u0105dzenia mo\u017cemy zastosowa\u0107 4 baterie. W sytuacji, gdy wa\u017cniejszy b\u0119dzie wyd\u0142u\u017cony czas pracy mamy mo\u017cliwo\u015b\u0107 zastosowania 6 baterii.<\/p>\n<table style=\"font-weight: 400\" width=\"400\">\n<tbody>\n<tr>\n<td>Rodzaj sensora<\/td>\n<td>: elektrochemiczny Suracell<\/td>\n<\/tr>\n<tr>\n<td>Zakres i dok\u0142adno\u015b\u0107 prezentowanego pomiaru<\/td>\n<td>: +\/-0.07\u2030 BAC przy 1\u2030 BAC<\/td>\n<\/tr>\n<tr>\n<td>Kalibracja<\/td>\n<td>: zalecana: co 6 miesi\u0119cy \/10000 pomiar\u00f3w\u00a0: wymagana: co 12 miesi\u0119cy \/50000 pomiar\u00f3w<\/td>\n<\/tr>\n<tr>\n<td>Wymienny czujnik<\/td>\n<td>: tak\/tylko serwis<\/td>\n<\/tr>\n<tr>\n<td>Wymaga ustnika<\/td>\n<td>: nie<\/td>\n<\/tr>\n<tr>\n<td>Waga netto<\/td>\n<td>: 299g<\/td>\n<\/tr>\n<tr>\n<td>Wymiary produktu<\/td>\n<td>: 298mm \/ 49mm<\/td>\n<\/tr>\n<\/tbody>\n<\/table>\n<p style=\"font-weight: 400\">Gwarancja nawet do 60 miesi\u0119cy. Gwarancja na sensor 24 miesi\u0105ce .Przez pierwsze 12 miesi\u0119cy kalibracje gratis.<\/p>\n","protected":false},"excerpt":{"rendered":"<p>Alkomat Iblow bezustnikowy w walizce 1670,00\u00a0 \u00a0iBlow\u00a0to alkomat przesiewowy . Absolutna nowo\u015b\u0107 na rynku! Najwy\u017cszej klasy alkomat opracowany, by w 100% zaspokoi\u0107 potrzeby s\u0142u\u017cb mundurowych. Idealne narz\u0119dzie do ultra-szybkiego badania grup ludzi oraz sytuacji wymagaj\u0105cych natychmiastowej interwencji (r\u00f3wnie\u017c gdy osoba badana nie chce wsp\u00f3\u0142pracowa\u0107 podczas wykonywania testu).\u00a0 Dzi\u0119ki zastosowaniu niezwykle szybkiego, nowoczesnego sensora elektrochemicznego typu [&hellip;]<\/p>\n","protected":false},"featured_media":401,"comment_status":"open","ping_status":"closed","template":"","meta":{"ocean_post_layout":"","ocean_both_sidebars_style":"","ocean_both_sidebars_content_width":0,"ocean_both_sidebars_sidebars_width":0,"ocean_sidebar":"","ocean_second_sidebar":"","ocean_disable_margins":"enable","ocean_add_body_class":"","ocean_shortcode_before_top_bar":"","ocean_shortcode_after_top_bar":"","ocean_shortcode_before_header":"","ocean_shortcode_after_header":"","ocean_has_shortcode":"","ocean_shortcode_after_title":"","ocean_shortcode_before_footer_widgets":"","ocean_shortcode_after_footer_widgets":"","ocean_shortcode_before_footer_bottom":"","ocean_shortcode_after_footer_bottom":"","ocean_display_top_bar":"default","ocean_display_header":"default","ocean_header_style":"","ocean_center_header_left_menu":"","ocean_custom_header_template":"","ocean_custom_logo":0,"ocean_custom_retina_logo":0,"ocean_custom_logo_max_width":0,"ocean_custom_logo_tablet_max_width":0,"ocean_custom_logo_mobile_max_width":0,"ocean_custom_logo_max_height":0,"ocean_custom_logo_tablet_max_height":0,"ocean_custom_logo_mobile_max_height":0,"ocean_header_custom_menu":"","ocean_menu_typo_font_family":"","ocean_menu_typo_font_subset":"","ocean_menu_typo_font_size":0,"ocean_menu_typo_font_size_tablet":0,"ocean_menu_typo_font_size_mobile":0,"ocean_menu_typo_font_size_unit":"px","ocean_menu_typo_font_weight":"","ocean_menu_typo_font_weight_tablet":"","ocean_menu_typo_font_weight_mobile":"","ocean_menu_typo_transform":"","ocean_menu_typo_transform_tablet":"","ocean_menu_typo_transform_mobile":"","ocean_menu_typo_line_height":0,"ocean_menu_typo_line_height_tablet":0,"ocean_menu_typo_line_height_mobile":0,"ocean_menu_typo_line_height_unit":"","ocean_menu_typo_spacing":0,"ocean_menu_typo_spacing_tablet":0,"ocean_menu_typo_spacing_mobile":0,"ocean_menu_typo_spacing_unit":"","ocean_menu_link_color":"","ocean_menu_link_color_hover":"","ocean_menu_link_color_active":"","ocean_menu_link_background":"","ocean_menu_link_hover_background":"","ocean_menu_link_active_background":"","ocean_menu_social_links_bg":"","ocean_menu_social_hover_links_bg":"","ocean_menu_social_links_color":"","ocean_menu_social_hover_links_color":"","ocean_disable_title":"default","ocean_disable_heading":"default","ocean_post_title":"","ocean_post_subheading":"","ocean_post_title_style":"","ocean_post_title_background_color":"","ocean_post_title_background":0,"ocean_post_title_bg_image_position":"","ocean_post_title_bg_image_attachment":"","ocean_post_title_bg_image_repeat":"","ocean_post_title_bg_image_size":"","ocean_post_title_height":0,"ocean_post_title_bg_overlay":0.5,"ocean_post_title_bg_overlay_color":"","ocean_disable_breadcrumbs":"default","ocean_breadcrumbs_color":"","ocean_breadcrumbs_separator_color":"","ocean_breadcrumbs_links_color":"","ocean_breadcrumbs_links_hover_color":"","ocean_display_footer_widgets":"default","ocean_display_footer_bottom":"default","ocean_custom_footer_template":""},"product_brand":[],"product_cat":[32],"product_tag":[96,94,93,95],"class_list":{"0":"post-400","1":"product","2":"type-product","3":"status-publish","4":"has-post-thumbnail","6":"product_cat-alkomaty","7":"product_tag-alkomat-do-firmy","8":"product_tag-alkomat-iblow","9":"product_tag-alkomat-policyjny","10":"product_tag-iblow","12":"entry","13":"has-media","15":"first","16":"instock","17":"shipping-taxable","18":"purchasable","19":"product-type-simple","20":"has-product-nav","21":"col","22":"span_1_of_3","23":"owp-content-center","24":"owp-thumbs-layout-horizontal","25":"owp-btn-normal","26":"owp-tabs-layout-horizontal","27":"has-no-thumbnails"},"_links":{"self":[{"href":"https:\/\/ustniki.pl\/index.php?rest_route=\/wp\/v2\/product\/400","targetHints":{"allow":["GET"]}}],"collection":[{"href":"https:\/\/ustniki.pl\/index.php?rest_route=\/wp\/v2\/product"}],"about":[{"href":"https:\/\/ustniki.pl\/index.php?rest_route=\/wp\/v2\/types\/product"}],"replies":[{"embeddable":true,"href":"https:\/\/ustniki.pl\/index.php?rest_route=%2Fwp%2Fv2%2Fcomments&post=400"}],"wp:featuredmedia":[{"embeddable":true,"href":"https:\/\/ustniki.pl\/index.php?rest_route=\/wp\/v2\/media\/401"}],"wp:attachment":[{"href":"https:\/\/ustniki.pl\/index.php?rest_route=%2Fwp%2Fv2%2Fmedia&parent=400"}],"wp:term":[{"taxonomy":"product_brand","embeddable":true,"href":"https:\/\/ustniki.pl\/index.php?rest_route=%2Fwp%2Fv2%2Fproduct_brand&post=400"},{"taxonomy":"product_cat","embeddable":true,"href":"https:\/\/ustniki.pl\/index.php?rest_route=%2Fwp%2Fv2%2Fproduct_cat&post=400"},{"taxonomy":"product_tag","embeddable":true,"href":"https:\/\/ustniki.pl\/index.php?rest_route=%2Fwp%2Fv2%2Fproduct_tag&post=400"}],"curies":[{"name":"wp","href":"https:\/\/api.w.org\/{rel}","templated":true}]}}