{"id":383,"date":"2023-03-24T09:26:56","date_gmt":"2023-03-24T09:26:56","guid":{"rendered":"http:\/\/ustniki.pl\/?post_type=product&#038;p=383"},"modified":"2023-06-04T12:17:11","modified_gmt":"2023-06-04T11:17:11","slug":"alkomat-aco-sensor-iv","status":"publish","type":"product","link":"https:\/\/ustniki.pl\/?product=alkomat-aco-sensor-iv","title":{"rendered":"Alkomat Aco sensor IV"},"content":{"rendered":"<p><img fetchpriority=\"high\" decoding=\"async\" class=\"alignnone size-medium wp-image-373\" src=\"http:\/\/ustniki.pl\/wp-content\/uploads\/2023\/03\/alcivcm_3-300x300.png\" alt=\"\" width=\"300\" height=\"300\" srcset=\"https:\/\/ustniki.pl\/wp-content\/uploads\/2023\/03\/alcivcm_3-300x300.png 300w, https:\/\/ustniki.pl\/wp-content\/uploads\/2023\/03\/alcivcm_3-100x100.png 100w, https:\/\/ustniki.pl\/wp-content\/uploads\/2023\/03\/alcivcm_3-433x433.png 433w, https:\/\/ustniki.pl\/wp-content\/uploads\/2023\/03\/alcivcm_3-150x150.png 150w, https:\/\/ustniki.pl\/wp-content\/uploads\/2023\/03\/alcivcm_3-600x600.png 600w, https:\/\/ustniki.pl\/wp-content\/uploads\/2023\/03\/alcivcm_3.png 700w\" sizes=\"(max-width: 300px) 100vw, 300px\" \/><\/p>\n<p>Alkomat Alco sensor AS IV CM &#8211; wersja bez drukarki [wersja pami\u0119\u0107 1005 test\u00f3w]<\/p>\n<p>to profesjonalne urz\u0105dzenie pomiarowe, wyposa\u017cone w sensor elektrochemiczny .<\/p>\n<p>Alkomat stosowany jest przez: Policj\u0119, zak\u0142ady pracy, Stra\u017c Miejsk\u0105, przychodnie odwykowe itp. Pozytywny atest Instytutu Ekspertyz S\u0105dowych w Krakowie. Pozytywna opinia Komendy G\u0142\u00f3wnej Policji w Warszawie. Od 1.01.2008 alkomat poddawany jest wzorcowaniu.<\/p>\n<p><strong>Rodzaje test\u00f3w:<\/strong><\/p>\n<p>Automatyczny: badany jest w stanie swobodnie wydmuchn\u0105\u0107 1,5 l powietrza.<\/p>\n<p>Manualny: badany nie jest w stanie wydmuchn\u0105\u0107 okre\u015blonej ilo\u015bci powietrza (odmawia lub jest nieprzytomny).<\/p>\n<p>Badanie alkomatem Alco sensor IV polega na elektrochemicznym utlenianiu alkoholu w powietrzu wydychanym, kt\u00f3re zachodzi na kontrolowanym potencjale elektrody. Zmiany napi\u0119cia i nat\u0119\u017cenia towarzysz\u0105ce procesowi elektrochemicznemu s\u0105 mierzone, a nat\u0119\u017cenia s\u0105 proporcjonalne do st\u0119\u017cenia alkoholu w powietrzu wydychanym. Pierwsz\u0105 informacj\u0105 pracy urz\u0105dzenia jest wy\u015bwietlana na ekranie po zamontowaniu ustnika temperatura, nast\u0119pnie urz\u0105dzenie samoczynnie si\u0119 &#8222;zeruje&#8221; pobieraj\u0105c pr\u00f3b\u0119 powietrza z otoczenia oraz przygotowuje si\u0119 do testu. W przypadku, kiedy temperatura urz\u0105dzenia wykracza poza deklarowany przez producenta zakres nast\u0119puje blokada uniemo\u017cliwiaj\u0105ca pomiar. Chwilowe umieszczenie urz\u0105dzenia w odpowiedniej temperaturze przywraca jego zdolno\u015b\u0107 do bada\u0144.<br \/>\nAlkomat Alkosensor IV mo\u017ce wsp\u00f3\u0142pracowa\u0107 z drukark\u0105 ig\u0142ow\u0105 lub termiczn\u0105.<\/p>\n<p><strong>DOST\u0118PNE MODELE<\/strong>:<\/p>\n<p>&nbsp;<\/p>\n<p>ASIV CM pami\u0119\u0107 1005 pomiar\u00f3w<\/p>\n<p><strong>Dane techniczne:<\/strong><\/p>\n<ul>\n<li>Zakres wskaza\u0144: 0,00 do 2,00 mg\/l.<\/li>\n<li>Wskazania wy\u017csze okre\u015blane s\u0105 jako 2&gt;00 mg\/l.<\/li>\n<li>Czas ponownej gotowo\u015bci do pracy: Urz\u0105dzenie po wykonaniu negatywnego testu (0,00 mg\/l) jest gotowe do pracy po 10 sek., po te\u015bcie pozytywnym &#8211; po up\u0142ywie ok. 2 minut.<\/li>\n<\/ul>\n<p>&nbsp;<\/p>\n<p><strong>Zasilanie:<\/strong><\/p>\n<p>&nbsp;<\/p>\n<ul>\n<li>bateria alkaliczna 9V (wytrzyma\u0142o\u015b\u0107 min. 300 test\u00f3w)<\/li>\n<li>akumulatory 9V (z mo\u017cliwo\u015bci\u0105 \u0142adowania) &#8211; opcjonalnie<\/li>\n<\/ul>\n<p><strong>Opakowanie:<\/strong><br \/>\nWalizka, wodoszczelna, ekranowana, z tworzywa ABS.<\/p>\n<p><strong>Elementy wchodz\u0105ce w sk\u0142ad zestawu:<\/strong><\/p>\n<ol>\n<li>Tester AS IV CM<\/li>\n<li>30 ustnik\u00f3w jednorazowych<\/li>\n<li>Walizka<\/li>\n<li>Instrukcja w j\u0119zyku polskim<\/li>\n<li>Bateria 9V<\/li>\n<\/ol>\n<p>GWARANCJA 24 miesi\u0119cy.<\/p>\n<p>Wydruk z badania mo\u017cna wykona\u0107 z pami\u0119ci- po kablu przez komputer.<\/p>\n","protected":false},"excerpt":{"rendered":"<p>Alkomat Alco sensor AS IV CM &#8211; wersja bez drukarki [wersja pami\u0119\u0107 1005 test\u00f3w] to profesjonalne urz\u0105dzenie pomiarowe, wyposa\u017cone w sensor elektrochemiczny . Alkomat stosowany jest przez: Policj\u0119, zak\u0142ady pracy, Stra\u017c Miejsk\u0105, przychodnie odwykowe itp. Pozytywny atest Instytutu Ekspertyz S\u0105dowych w Krakowie. Pozytywna opinia Komendy G\u0142\u00f3wnej Policji w Warszawie. Od 1.01.2008 alkomat poddawany jest wzorcowaniu. [&hellip;]<\/p>\n","protected":false},"featured_media":399,"comment_status":"open","ping_status":"closed","template":"","meta":{"ocean_post_layout":"","ocean_both_sidebars_style":"","ocean_both_sidebars_content_width":0,"ocean_both_sidebars_sidebars_width":0,"ocean_sidebar":"","ocean_second_sidebar":"","ocean_disable_margins":"enable","ocean_add_body_class":"","ocean_shortcode_before_top_bar":"","ocean_shortcode_after_top_bar":"","ocean_shortcode_before_header":"","ocean_shortcode_after_header":"","ocean_has_shortcode":"","ocean_shortcode_after_title":"","ocean_shortcode_before_footer_widgets":"","ocean_shortcode_after_footer_widgets":"","ocean_shortcode_before_footer_bottom":"","ocean_shortcode_after_footer_bottom":"","ocean_display_top_bar":"default","ocean_display_header":"default","ocean_header_style":"","ocean_center_header_left_menu":"","ocean_custom_header_template":"","ocean_custom_logo":0,"ocean_custom_retina_logo":0,"ocean_custom_logo_max_width":0,"ocean_custom_logo_tablet_max_width":0,"ocean_custom_logo_mobile_max_width":0,"ocean_custom_logo_max_height":0,"ocean_custom_logo_tablet_max_height":0,"ocean_custom_logo_mobile_max_height":0,"ocean_header_custom_menu":"","ocean_menu_typo_font_family":"","ocean_menu_typo_font_subset":"","ocean_menu_typo_font_size":0,"ocean_menu_typo_font_size_tablet":0,"ocean_menu_typo_font_size_mobile":0,"ocean_menu_typo_font_size_unit":"px","ocean_menu_typo_font_weight":"","ocean_menu_typo_font_weight_tablet":"","ocean_menu_typo_font_weight_mobile":"","ocean_menu_typo_transform":"","ocean_menu_typo_transform_tablet":"","ocean_menu_typo_transform_mobile":"","ocean_menu_typo_line_height":0,"ocean_menu_typo_line_height_tablet":0,"ocean_menu_typo_line_height_mobile":0,"ocean_menu_typo_line_height_unit":"","ocean_menu_typo_spacing":0,"ocean_menu_typo_spacing_tablet":0,"ocean_menu_typo_spacing_mobile":0,"ocean_menu_typo_spacing_unit":"","ocean_menu_link_color":"","ocean_menu_link_color_hover":"","ocean_menu_link_color_active":"","ocean_menu_link_background":"","ocean_menu_link_hover_background":"","ocean_menu_link_active_background":"","ocean_menu_social_links_bg":"","ocean_menu_social_hover_links_bg":"","ocean_menu_social_links_color":"","ocean_menu_social_hover_links_color":"","ocean_disable_title":"default","ocean_disable_heading":"default","ocean_post_title":"","ocean_post_subheading":"","ocean_post_title_style":"","ocean_post_title_background_color":"","ocean_post_title_background":0,"ocean_post_title_bg_image_position":"","ocean_post_title_bg_image_attachment":"","ocean_post_title_bg_image_repeat":"","ocean_post_title_bg_image_size":"","ocean_post_title_height":0,"ocean_post_title_bg_overlay":0.5,"ocean_post_title_bg_overlay_color":"","ocean_disable_breadcrumbs":"default","ocean_breadcrumbs_color":"","ocean_breadcrumbs_separator_color":"","ocean_breadcrumbs_links_color":"","ocean_breadcrumbs_links_hover_color":"","ocean_display_footer_widgets":"default","ocean_display_footer_bottom":"default","ocean_custom_footer_template":""},"product_brand":[],"product_cat":[32],"product_tag":[98,97,99,93],"class_list":{"0":"post-383","1":"product","2":"type-product","3":"status-publish","4":"has-post-thumbnail","6":"product_cat-alkomaty","7":"product_tag-alkomat-alco-sensor-iv","8":"product_tag-alkomat-alcosensor-iv","9":"product_tag-alkomat-dowodowy","10":"product_tag-alkomat-policyjny","12":"entry","13":"has-media","15":"first","16":"instock","17":"shipping-taxable","18":"purchasable","19":"product-type-simple","20":"has-product-nav","21":"col","22":"span_1_of_3","23":"owp-content-center","24":"owp-thumbs-layout-horizontal","25":"owp-btn-normal","26":"owp-tabs-layout-horizontal","27":"has-no-thumbnails"},"_links":{"self":[{"href":"https:\/\/ustniki.pl\/index.php?rest_route=\/wp\/v2\/product\/383","targetHints":{"allow":["GET"]}}],"collection":[{"href":"https:\/\/ustniki.pl\/index.php?rest_route=\/wp\/v2\/product"}],"about":[{"href":"https:\/\/ustniki.pl\/index.php?rest_route=\/wp\/v2\/types\/product"}],"replies":[{"embeddable":true,"href":"https:\/\/ustniki.pl\/index.php?rest_route=%2Fwp%2Fv2%2Fcomments&post=383"}],"wp:featuredmedia":[{"embeddable":true,"href":"https:\/\/ustniki.pl\/index.php?rest_route=\/wp\/v2\/media\/399"}],"wp:attachment":[{"href":"https:\/\/ustniki.pl\/index.php?rest_route=%2Fwp%2Fv2%2Fmedia&parent=383"}],"wp:term":[{"taxonomy":"product_brand","embeddable":true,"href":"https:\/\/ustniki.pl\/index.php?rest_route=%2Fwp%2Fv2%2Fproduct_brand&post=383"},{"taxonomy":"product_cat","embeddable":true,"href":"https:\/\/ustniki.pl\/index.php?rest_route=%2Fwp%2Fv2%2Fproduct_cat&post=383"},{"taxonomy":"product_tag","embeddable":true,"href":"https:\/\/ustniki.pl\/index.php?rest_route=%2Fwp%2Fv2%2Fproduct_tag&post=383"}],"curies":[{"name":"wp","href":"https:\/\/api.w.org\/{rel}","templated":true}]}}