{"id":519,"date":"2023-04-05T04:41:59","date_gmt":"2023-04-05T04:41:59","guid":{"rendered":"http:\/\/ustniki.pl\/?page_id=519"},"modified":"2023-07-10T11:30:31","modified_gmt":"2023-07-10T10:30:31","slug":"jaki-wybrac-alkomat","status":"publish","type":"page","link":"https:\/\/ustniki.pl\/?page_id=519","title":{"rendered":"Jaki wybra\u0107 alkomat?"},"content":{"rendered":"\t\t<div data-elementor-type=\"wp-page\" data-elementor-id=\"519\" class=\"elementor elementor-519\">\n\t\t\t\t\t\t<section class=\"elementor-section elementor-top-section elementor-element elementor-element-38c537b elementor-section-boxed elementor-section-height-default elementor-section-height-default\" data-id=\"38c537b\" data-element_type=\"section\" data-e-type=\"section\">\n\t\t\t\t\t\t<div class=\"elementor-container elementor-column-gap-default\">\n\t\t\t\t\t<div class=\"elementor-column elementor-col-100 elementor-top-column elementor-element elementor-element-1691623\" data-id=\"1691623\" data-element_type=\"column\" data-e-type=\"column\">\n\t\t\t<div class=\"elementor-widget-wrap elementor-element-populated\">\n\t\t\t\t\t\t<div class=\"elementor-element elementor-element-ade943c elementor-widget elementor-widget-text-editor\" data-id=\"ade943c\" data-element_type=\"widget\" data-e-type=\"widget\" data-widget_type=\"text-editor.default\">\n\t\t\t\t<div class=\"elementor-widget-container\">\n\t\t\t\t\t\t\t\t\t<h1>Jaki wybra\u0107 alkomat?<\/h1><p style=\"font-weight: 400\">\u00a0<\/p><p>Poni\u017csze pytania pomog\u0105 Ci w doborze alkomatu.<\/p><p>\u00a0<\/p><p style=\"font-weight: 400\">\u00a0<\/p><p style=\"font-weight: 400\">\u00a0<\/p><p>1\/Jaki b\u0142\u0105d pomiaru zaakceptujesz tzn. o ile mo\u017ce si\u0119 odchyli\u0107 wynik \u00a0na Twoim alkomacie od wzorca np. urz\u0105dzenia dowodowe takie kt\u00f3re u\u017cywa policja maj\u0105 b\u0142\u0105d maksymalny w tym dolnym zakresie do 0,02 mg\/l.<\/p><p>2\/W alkomatach z kom\u00f3rk\u0105 p\u00f3\u0142przewodnikow\u0105 nie mo\u017cna okre\u015bli\u0107 b\u0142\u0119du pomiaru, w tego typu urz\u0105dzeniach b\u0142\u0105d jest nieznany!!!.<\/p><p>3\/Alkomat z kom\u00f3rk\u0105 elektrochemiczn\u0105 maj\u0105 stabilny pomiar i mo\u017cna okre\u015bli\u0107 b\u0142\u0105d pomiaru.\u00a0<\/p><p>4\/\u00a0 95% alkoholu metabolizuje si\u0119 w w\u0105trobie, \u015bredni spadek alkoholu w ci\u0105gu jednej godziny to oko\u0142o 0,1 mg\/l\u00a0 wydychanego powietrza lub 0,2 promila w krwi.<\/p><p>5\/Alkomat wskazuje\u00a0 ilo\u015b\u0107 czystego alkoholu w mg w jednym litrze wydychanego powietrza.\u00a0<\/p><p style=\"font-weight: 400\">\u00a0<\/p><p style=\"font-weight: 400\">\u00a0Na terytorium RP osob\u0119 u kt\u00f3rej poziom alkoholu w wydychanym powietrzu nie przekracza 0,1 mg\/l czyli do 0,09 mg\/l uwa\u017ca si\u0119 za trze\u017aw\u0105. Stan \u201epo spo\u017cyciu\u2019\u2019 to od 0,10 mg\/l do 0,25 mg\/l<\/p><p style=\"font-weight: 400\">\u201estan nietrze\u017awo\u015bci\u2019\u2019 to od 0,25 mg\/l w g\u00f3r\u0119.<\/p><p style=\"font-weight: 400\">\u00a0<\/p><p style=\"font-weight: 400\">\u00a0<\/p><p style=\"font-weight: 400\">\u00a0<\/p><p style=\"font-weight: 400\"><strong>Aby badanie mia\u0142o pe\u0142n\u0105 warto\u015b\u0107 dowodow\u0105, nale\u017cy dokona\u0107 go zgodnie z procedur\u0105 zawart\u0105 w ustawie o badaniach trze\u017awo\u015bci, alkomatami kt\u00f3re posiadaj\u0105 wa\u017cne \u015bwiadectwo wzorcowania wydane przez akredytowane laboratorium PCA<\/strong>.<strong>\u00a0<\/strong><\/p><p style=\"font-weight: 400\">\u00a0<strong>Przyrz\u0105d pomiarowy \u2013 wzorcowanie, kalibracja czy adjustacja?<\/strong><\/p><p style=\"font-weight: 400\">Wzorcowanie, kalibracja, legalizacja \u2013 poj\u0119cia te wci\u0105\u017c sprawiaj\u0105 wiele nieporozumie\u0144 i s\u0105 b\u0142\u0119dnie stosowane. Ich znaczenie zosta\u0142o okre\u015blone w Mi\u0119dzynarodowym S\u0142owniku Termin\u00f3w Metrologicznych VIM, by dopasowa\u0107 je do mi\u0119dzynarodowych standard\u00f3w. Czym te procesy r\u00f3\u017cni\u0105 si\u0119 od siebie?<\/p><p style=\"font-weight: 400\">\u00a0<\/p><p style=\"font-weight: 400\">\u00a0<\/p><p style=\"font-weight: 400\">\u00a0<\/p><p style=\"font-weight: 400\">\u00a0<\/p><p style=\"font-weight: 400\"><strong>\u015awiadectwo wzorcowania, kalibracji wydawane jest przez\u00a0\u00a0laboratorium Akredytowane przez PCA !!! Podawana jest dok\u0142adno\u015b\u0107 pomiaru alkomatu:<\/strong>\u00a0na\u00a0 kilku wzorcach (co najmniej dw\u00f3ch) i podaniu b\u0142\u0119du pomiaru np. wzorzec 0,25 mg\/l alkomat pokazywa\u0142 0,24, b\u0142\u0105d pomiaru (+-) 0,01 mg\/l<\/p><p style=\"font-weight: 400\">\u00a0<\/p><p style=\"font-weight: 400\">\u00a0<\/p><p style=\"font-weight: 400\"><strong>Adiustacja<\/strong>\u00a0polega na ustawieniu, zestrojeniu, wyregulowaniu, wszystkich &#8222;czujnik\u00f3w&#8221; w alkomacie z wzorcami w serwisie. Cz\u0119sto mylimy kalibracj\u0119 z adjustacj\u0105.\u00a0<\/p><p style=\"font-weight: 400\">Alkomat jest dowodowy, kiedy laboratorium wydaj\u0105ce \u015bwiadectwo jest akredytowane przez PCA. Na stronie PCA wpisane s\u0105 laboratoria kt\u00f3re maj\u0105 uprawnienia do wystawiania \u015bwiadectw wzorcowania PCA.\u00a0 \u00a0 \u00a0\u00a0<\/p><p style=\"font-weight: 400\">\u00a0<\/p>\t\t\t\t\t\t\t\t<\/div>\n\t\t\t\t<\/div>\n\t\t\t\t<div class=\"elementor-element elementor-element-a16ed8f elementor-widget elementor-widget-image\" data-id=\"a16ed8f\" data-element_type=\"widget\" data-e-type=\"widget\" data-widget_type=\"image.default\">\n\t\t\t\t<div class=\"elementor-widget-container\">\n\t\t\t\t\t\t\t\t\t\t\t\t\t\t\t<img fetchpriority=\"high\" decoding=\"async\" width=\"552\" height=\"720\" src=\"https:\/\/ustniki.pl\/wp-content\/uploads\/2023\/07\/swiadectwo1.jpg\" class=\"attachment-large size-large wp-image-1151\" alt=\"\" srcset=\"https:\/\/ustniki.pl\/wp-content\/uploads\/2023\/07\/swiadectwo1.jpg 552w, https:\/\/ustniki.pl\/wp-content\/uploads\/2023\/07\/swiadectwo1-230x300.jpg 230w, https:\/\/ustniki.pl\/wp-content\/uploads\/2023\/07\/swiadectwo1-433x565.jpg 433w\" sizes=\"(max-width: 552px) 100vw, 552px\" \/>\t\t\t\t\t\t\t\t\t\t\t\t\t\t\t<\/div>\n\t\t\t\t<\/div>\n\t\t\t\t\t<\/div>\n\t\t<\/div>\n\t\t\t\t\t<\/div>\n\t\t<\/section>\n\t\t\t\t<section class=\"elementor-section elementor-top-section elementor-element elementor-element-f150375 elementor-section-boxed elementor-section-height-default elementor-section-height-default\" data-id=\"f150375\" data-element_type=\"section\" data-e-type=\"section\">\n\t\t\t\t\t\t<div class=\"elementor-container elementor-column-gap-default\">\n\t\t\t\t\t<div class=\"elementor-column elementor-col-100 elementor-top-column elementor-element elementor-element-952b5d6\" data-id=\"952b5d6\" data-element_type=\"column\" data-e-type=\"column\">\n\t\t\t<div class=\"elementor-widget-wrap elementor-element-populated\">\n\t\t\t\t\t\t<div class=\"elementor-element elementor-element-5d95714 elementor-widget elementor-widget-image\" data-id=\"5d95714\" data-element_type=\"widget\" data-e-type=\"widget\" data-widget_type=\"image.default\">\n\t\t\t\t<div class=\"elementor-widget-container\">\n\t\t\t\t\t\t\t\t\t\t\t\t\t\t\t<img decoding=\"async\" width=\"960\" height=\"720\" src=\"https:\/\/ustniki.pl\/wp-content\/uploads\/2023\/07\/swiadectwo2.jpg\" class=\"attachment-large size-large wp-image-1161\" alt=\"\" srcset=\"https:\/\/ustniki.pl\/wp-content\/uploads\/2023\/07\/swiadectwo2.jpg 960w, https:\/\/ustniki.pl\/wp-content\/uploads\/2023\/07\/swiadectwo2-300x225.jpg 300w, https:\/\/ustniki.pl\/wp-content\/uploads\/2023\/07\/swiadectwo2-768x576.jpg 768w, https:\/\/ustniki.pl\/wp-content\/uploads\/2023\/07\/swiadectwo2-433x325.jpg 433w\" sizes=\"(max-width: 960px) 100vw, 960px\" \/>\t\t\t\t\t\t\t\t\t\t\t\t\t\t\t<\/div>\n\t\t\t\t<\/div>\n\t\t\t\t\t<\/div>\n\t\t<\/div>\n\t\t\t\t\t<\/div>\n\t\t<\/section>\n\t\t\t\t<\/div>\n\t\t","protected":false},"excerpt":{"rendered":"<p>Jaki wybra\u0107 alkomat? \u00a0 Poni\u017csze pytania pomog\u0105 Ci w doborze alkomatu. \u00a0 \u00a0 \u00a0 1\/Jaki b\u0142\u0105d pomiaru zaakceptujesz tzn. o ile mo\u017ce si\u0119 odchyli\u0107 wynik \u00a0na Twoim alkomacie od wzorca np. urz\u0105dzenia dowodowe takie kt\u00f3re u\u017cywa policja maj\u0105 b\u0142\u0105d maksymalny w tym dolnym zakresie do 0,02 mg\/l. 2\/W alkomatach z kom\u00f3rk\u0105 p\u00f3\u0142przewodnikow\u0105 nie mo\u017cna okre\u015bli\u0107 [&hellip;]<\/p>\n","protected":false},"author":1,"featured_media":0,"parent":0,"menu_order":0,"comment_status":"closed","ping_status":"closed","template":"","meta":{"ocean_post_layout":"","ocean_both_sidebars_style":"","ocean_both_sidebars_content_width":0,"ocean_both_sidebars_sidebars_width":0,"ocean_sidebar":"0","ocean_second_sidebar":"0","ocean_disable_margins":"enable","ocean_add_body_class":"","ocean_shortcode_before_top_bar":"","ocean_shortcode_after_top_bar":"","ocean_shortcode_before_header":"","ocean_shortcode_after_header":"","ocean_has_shortcode":"","ocean_shortcode_after_title":"","ocean_shortcode_before_footer_widgets":"","ocean_shortcode_after_footer_widgets":"","ocean_shortcode_before_footer_bottom":"","ocean_shortcode_after_footer_bottom":"","ocean_display_top_bar":"default","ocean_display_header":"default","ocean_header_style":"","ocean_center_header_left_menu":"0","ocean_custom_header_template":"0","ocean_custom_logo":0,"ocean_custom_retina_logo":0,"ocean_custom_logo_max_width":0,"ocean_custom_logo_tablet_max_width":0,"ocean_custom_logo_mobile_max_width":0,"ocean_custom_logo_max_height":0,"ocean_custom_logo_tablet_max_height":0,"ocean_custom_logo_mobile_max_height":0,"ocean_header_custom_menu":"0","ocean_menu_typo_font_family":"0","ocean_menu_typo_font_subset":"","ocean_menu_typo_font_size":0,"ocean_menu_typo_font_size_tablet":0,"ocean_menu_typo_font_size_mobile":0,"ocean_menu_typo_font_size_unit":"px","ocean_menu_typo_font_weight":"","ocean_menu_typo_font_weight_tablet":"","ocean_menu_typo_font_weight_mobile":"","ocean_menu_typo_transform":"","ocean_menu_typo_transform_tablet":"","ocean_menu_typo_transform_mobile":"","ocean_menu_typo_line_height":0,"ocean_menu_typo_line_height_tablet":0,"ocean_menu_typo_line_height_mobile":0,"ocean_menu_typo_line_height_unit":"","ocean_menu_typo_spacing":0,"ocean_menu_typo_spacing_tablet":0,"ocean_menu_typo_spacing_mobile":0,"ocean_menu_typo_spacing_unit":"","ocean_menu_link_color":"","ocean_menu_link_color_hover":"","ocean_menu_link_color_active":"","ocean_menu_link_background":"","ocean_menu_link_hover_background":"","ocean_menu_link_active_background":"","ocean_menu_social_links_bg":"","ocean_menu_social_hover_links_bg":"","ocean_menu_social_links_color":"","ocean_menu_social_hover_links_color":"","ocean_disable_title":"default","ocean_disable_heading":"default","ocean_post_title":"","ocean_post_subheading":"","ocean_post_title_style":"","ocean_post_title_background_color":"","ocean_post_title_background":0,"ocean_post_title_bg_image_position":"","ocean_post_title_bg_image_attachment":"","ocean_post_title_bg_image_repeat":"","ocean_post_title_bg_image_size":"","ocean_post_title_height":0,"ocean_post_title_bg_overlay":0.5,"ocean_post_title_bg_overlay_color":"","ocean_disable_breadcrumbs":"default","ocean_breadcrumbs_color":"","ocean_breadcrumbs_separator_color":"","ocean_breadcrumbs_links_color":"","ocean_breadcrumbs_links_hover_color":"","ocean_display_footer_widgets":"default","ocean_display_footer_bottom":"default","ocean_custom_footer_template":"0","footnotes":""},"class_list":["post-519","page","type-page","status-publish","hentry","entry","owp-thumbs-layout-horizontal","owp-btn-normal","owp-tabs-layout-horizontal","has-no-thumbnails","has-product-nav"],"_links":{"self":[{"href":"https:\/\/ustniki.pl\/index.php?rest_route=\/wp\/v2\/pages\/519","targetHints":{"allow":["GET"]}}],"collection":[{"href":"https:\/\/ustniki.pl\/index.php?rest_route=\/wp\/v2\/pages"}],"about":[{"href":"https:\/\/ustniki.pl\/index.php?rest_route=\/wp\/v2\/types\/page"}],"author":[{"embeddable":true,"href":"https:\/\/ustniki.pl\/index.php?rest_route=\/wp\/v2\/users\/1"}],"replies":[{"embeddable":true,"href":"https:\/\/ustniki.pl\/index.php?rest_route=%2Fwp%2Fv2%2Fcomments&post=519"}],"version-history":[{"count":29,"href":"https:\/\/ustniki.pl\/index.php?rest_route=\/wp\/v2\/pages\/519\/revisions"}],"predecessor-version":[{"id":1176,"href":"https:\/\/ustniki.pl\/index.php?rest_route=\/wp\/v2\/pages\/519\/revisions\/1176"}],"wp:attachment":[{"href":"https:\/\/ustniki.pl\/index.php?rest_route=%2Fwp%2Fv2%2Fmedia&parent=519"}],"curies":[{"name":"wp","href":"https:\/\/api.w.org\/{rel}","templated":true}]}}