{"id":161,"date":"2016-04-27T20:20:40","date_gmt":"2016-04-27T20:20:40","guid":{"rendered":"https:\/\/oceanwp.org\/underwear\/?page_id=161"},"modified":"2023-07-26T12:50:35","modified_gmt":"2023-07-26T11:50:35","slug":"contact-us","status":"publish","type":"page","link":"https:\/\/ustniki.pl\/?page_id=161","title":{"rendered":"Kontakt z nami"},"content":{"rendered":"\t\t<div data-elementor-type=\"wp-page\" data-elementor-id=\"161\" class=\"elementor elementor-161\">\n\t\t\t\t\t\t<section class=\"elementor-section elementor-top-section elementor-element elementor-element-19d383a elementor-section-boxed elementor-section-height-default elementor-section-height-default\" data-id=\"19d383a\" data-element_type=\"section\" data-e-type=\"section\">\n\t\t\t\t\t\t<div class=\"elementor-container elementor-column-gap-default\">\n\t\t\t\t\t<div class=\"elementor-column elementor-col-100 elementor-top-column elementor-element elementor-element-1c7741e\" data-id=\"1c7741e\" data-element_type=\"column\" data-e-type=\"column\">\n\t\t\t<div class=\"elementor-widget-wrap elementor-element-populated\">\n\t\t\t\t\t\t<div class=\"elementor-element elementor-element-9f8f6b7 elementor-widget elementor-widget-text-editor\" data-id=\"9f8f6b7\" data-element_type=\"widget\" data-e-type=\"widget\" data-widget_type=\"text-editor.default\">\n\t\t\t\t<div class=\"elementor-widget-container\">\n\t\t\t\t\t\t\t\t\t<h1 style=\"margin-top: 8px;margin-bottom: 15px;font-family: 'Alegreya Sans', Helvetica, sans-serif;font-size: 30px;font-style: normal;font-weight: normal;color: #ec9f11;text-align: center\"><span style=\"font-size: 15px;color: #888888\">Janusz Peryt Medart2000<\/span><\/h1><div id=\"pageDescription\" class=\"content\" style=\"line-height: 1.5em;font-family: 'Alegreya Sans', Helvetica, sans-serif;font-size: 15px;font-style: normal;font-weight: 400;text-align: center;color: #888888\"><p style=\"margin-bottom: 0px;padding-bottom: 10px;font-size: 15px\">Warszawa 02-327<\/p><p style=\"margin-bottom: 0px;padding-bottom: 10px;font-size: 15px\">Kopi\u0144ska 42\/8<\/p><p style=\"margin-bottom: 0px;padding-bottom: 10px;font-size: 15px\">Nip 5220007567<\/p><p style=\"margin-bottom: 0px;padding-bottom: 10px;font-size: 15px\">Regon 011428028<\/p><p style=\"margin-bottom: 0px;padding-bottom: 10px;font-size: 15px\">tel.501 134 201<\/p><p style=\"margin-bottom: 0px;padding-bottom: 10px;font-size: 15px\">www.ustniki.pl<\/p><p style=\"margin-bottom: 0px;padding-bottom: 10px;font-size: 15px\">\u00a0<\/p><p style=\"margin-bottom: 0px;padding-bottom: 10px;font-size: 15px\">ustniki@ustniki.p\u0142\u00a0<span style=\"font-size: 15px;font-weight: 600\">( kopiuj\u0105c popraw p\u0142 na na pl<\/span>)<\/p><p style=\"margin-bottom: 0px;padding-bottom: 10px;font-size: 15px\">peryt@peryt.p\u0142\u00a0\u00a0<span style=\"font-size: 15px;font-weight: 600\">( kopiuj\u0105c popraw p\u0142 na na pl<\/span>)<\/p><h3 class=\"iw\"><span class=\"qu\" role=\"gridcell\"><span class=\"go\">perytjanusz@gmail.com<\/span><\/span><\/h3><p style=\"margin-bottom: 0px;padding-bottom: 10px;font-size: 15px\">Nr konta do przelew\u00f3w\u00a0\u00a043 1020 1185 0000 4602 0013 7042<\/p><p style=\"margin-bottom: 0px;padding-bottom: 10px;font-size: 15px\">\u00a0<\/p><p style=\"margin-bottom: 0px;padding-bottom: 10px;font-size: 15px\">\u00a0<\/p><\/div>\t\t\t\t\t\t\t\t<\/div>\n\t\t\t\t<\/div>\n\t\t\t\t\t<\/div>\n\t\t<\/div>\n\t\t\t\t\t<\/div>\n\t\t<\/section>\n\t\t\t\t<section class=\"elementor-section elementor-top-section elementor-element elementor-element-y4ibx6t elementor-section-full_width elementor-section-height-default elementor-section-height-default\" data-id=\"y4ibx6t\" data-element_type=\"section\" data-e-type=\"section\">\n\t\t\t\t\t\t<div class=\"elementor-container elementor-column-gap-default\">\n\t\t\t\t\t<div class=\"elementor-column elementor-col-100 elementor-top-column elementor-element elementor-element-w6cg0wk\" data-id=\"w6cg0wk\" data-element_type=\"column\" data-e-type=\"column\">\n\t\t\t<div class=\"elementor-widget-wrap elementor-element-populated\">\n\t\t\t\t\t\t<div class=\"elementor-element elementor-element-iy2wy75 elementor-widget elementor-widget-google_maps\" data-id=\"iy2wy75\" data-element_type=\"widget\" data-e-type=\"widget\" data-widget_type=\"google_maps.default\">\n\t\t\t\t<div class=\"elementor-widget-container\">\n\t\t\t\t\t\t\t<div class=\"elementor-custom-embed\">\n\t\t\t<iframe loading=\"lazy\"\n\t\t\t\t\tsrc=\"https:\/\/maps.google.com\/maps?q=Warszawa%2002-327%20%20Kopi%C5%84ska%2042%2F8&#038;t=m&#038;z=10&#038;output=embed&#038;iwloc=near\"\n\t\t\t\t\ttitle=\"Warszawa 02-327  Kopi\u0144ska 42\/8\"\n\t\t\t\t\taria-label=\"Warszawa 02-327  Kopi\u0144ska 42\/8\"\n\t\t\t><\/iframe>\n\t\t<\/div>\n\t\t\t\t\t\t<\/div>\n\t\t\t\t<\/div>\n\t\t\t\t\t<\/div>\n\t\t<\/div>\n\t\t\t\t\t<\/div>\n\t\t<\/section>\n\t\t\t\t<section class=\"elementor-section elementor-top-section elementor-element elementor-element-o234arb elementor-section-boxed elementor-section-height-default elementor-section-height-default\" data-id=\"o234arb\" data-element_type=\"section\" data-e-type=\"section\">\n\t\t\t\t\t\t<div class=\"elementor-container elementor-column-gap-default\">\n\t\t\t\t\t<div class=\"elementor-column elementor-col-100 elementor-top-column elementor-element elementor-element-66e09f3\" data-id=\"66e09f3\" data-element_type=\"column\" data-e-type=\"column\">\n\t\t\t<div class=\"elementor-widget-wrap\">\n\t\t\t\t\t\t\t<\/div>\n\t\t<\/div>\n\t\t\t\t\t<\/div>\n\t\t<\/section>\n\t\t\t\t<\/div>\n\t\t","protected":false},"excerpt":{"rendered":"<p>Janusz Peryt Medart2000 Warszawa 02-327 Kopi\u0144ska 42\/8 Nip 5220007567 Regon 011428028 tel.501 134 201 www.ustniki.pl \u00a0 ustniki@ustniki.p\u0142\u00a0( kopiuj\u0105c popraw p\u0142 na na pl) peryt@peryt.p\u0142\u00a0\u00a0( kopiuj\u0105c popraw p\u0142 na na pl) perytjanusz@gmail.com Nr konta do przelew\u00f3w\u00a0\u00a043 1020 1185 0000 4602 0013 7042 \u00a0 \u00a0 \/*! elementor &#8211; v3.14.0 &#8211; 26-06-2023 *\/ .elementor-widget-google_maps .elementor-widget-container{overflow:hidden}.elementor-widget-google_maps .elementor-custom-embed{line-height:0}.elementor-widget-google_maps iframe{height:300px}<\/p>\n","protected":false},"author":1,"featured_media":0,"parent":0,"menu_order":0,"comment_status":"closed","ping_status":"closed","template":"","meta":{"ocean_post_layout":"full-screen","ocean_both_sidebars_style":"","ocean_both_sidebars_content_width":0,"ocean_both_sidebars_sidebars_width":0,"ocean_sidebar":"0","ocean_second_sidebar":"0","ocean_disable_margins":"on","ocean_add_body_class":"","ocean_shortcode_before_top_bar":"","ocean_shortcode_after_top_bar":"","ocean_shortcode_before_header":"","ocean_shortcode_after_header":"","ocean_has_shortcode":"","ocean_shortcode_after_title":"","ocean_shortcode_before_footer_widgets":"","ocean_shortcode_after_footer_widgets":"","ocean_shortcode_before_footer_bottom":"","ocean_shortcode_after_footer_bottom":"","ocean_display_top_bar":"default","ocean_display_header":"default","ocean_header_style":"","ocean_center_header_left_menu":"0","ocean_custom_header_template":"0","ocean_custom_logo":0,"ocean_custom_retina_logo":0,"ocean_custom_logo_max_width":0,"ocean_custom_logo_tablet_max_width":0,"ocean_custom_logo_mobile_max_width":0,"ocean_custom_logo_max_height":0,"ocean_custom_logo_tablet_max_height":0,"ocean_custom_logo_mobile_max_height":0,"ocean_header_custom_menu":"0","ocean_menu_typo_font_family":"0","ocean_menu_typo_font_subset":"","ocean_menu_typo_font_size":0,"ocean_menu_typo_font_size_tablet":0,"ocean_menu_typo_font_size_mobile":0,"ocean_menu_typo_font_size_unit":"px","ocean_menu_typo_font_weight":"","ocean_menu_typo_font_weight_tablet":"","ocean_menu_typo_font_weight_mobile":"","ocean_menu_typo_transform":"","ocean_menu_typo_transform_tablet":"","ocean_menu_typo_transform_mobile":"","ocean_menu_typo_line_height":0,"ocean_menu_typo_line_height_tablet":0,"ocean_menu_typo_line_height_mobile":0,"ocean_menu_typo_line_height_unit":"","ocean_menu_typo_spacing":0,"ocean_menu_typo_spacing_tablet":0,"ocean_menu_typo_spacing_mobile":0,"ocean_menu_typo_spacing_unit":"","ocean_menu_link_color":"","ocean_menu_link_color_hover":"","ocean_menu_link_color_active":"","ocean_menu_link_background":"","ocean_menu_link_hover_background":"","ocean_menu_link_active_background":"","ocean_menu_social_links_bg":"","ocean_menu_social_hover_links_bg":"","ocean_menu_social_links_color":"","ocean_menu_social_hover_links_color":"","ocean_disable_title":"default","ocean_disable_heading":"default","ocean_post_title":"","ocean_post_subheading":"","ocean_post_title_style":"","ocean_post_title_background_color":"","ocean_post_title_background":0,"ocean_post_title_bg_image_position":"","ocean_post_title_bg_image_attachment":"","ocean_post_title_bg_image_repeat":"","ocean_post_title_bg_image_size":"","ocean_post_title_height":0,"ocean_post_title_bg_overlay":0.5,"ocean_post_title_bg_overlay_color":"","ocean_disable_breadcrumbs":"default","ocean_breadcrumbs_color":"","ocean_breadcrumbs_separator_color":"","ocean_breadcrumbs_links_color":"","ocean_breadcrumbs_links_hover_color":"","ocean_display_footer_widgets":"default","ocean_display_footer_bottom":"default","ocean_custom_footer_template":"0","footnotes":""},"class_list":["post-161","page","type-page","status-publish","hentry","entry","owp-thumbs-layout-horizontal","owp-btn-normal","owp-tabs-layout-horizontal","has-no-thumbnails","has-product-nav"],"_links":{"self":[{"href":"https:\/\/ustniki.pl\/index.php?rest_route=\/wp\/v2\/pages\/161","targetHints":{"allow":["GET"]}}],"collection":[{"href":"https:\/\/ustniki.pl\/index.php?rest_route=\/wp\/v2\/pages"}],"about":[{"href":"https:\/\/ustniki.pl\/index.php?rest_route=\/wp\/v2\/types\/page"}],"author":[{"embeddable":true,"href":"https:\/\/ustniki.pl\/index.php?rest_route=\/wp\/v2\/users\/1"}],"replies":[{"embeddable":true,"href":"https:\/\/ustniki.pl\/index.php?rest_route=%2Fwp%2Fv2%2Fcomments&post=161"}],"version-history":[{"count":20,"href":"https:\/\/ustniki.pl\/index.php?rest_route=\/wp\/v2\/pages\/161\/revisions"}],"predecessor-version":[{"id":1182,"href":"https:\/\/ustniki.pl\/index.php?rest_route=\/wp\/v2\/pages\/161\/revisions\/1182"}],"wp:attachment":[{"href":"https:\/\/ustniki.pl\/index.php?rest_route=%2Fwp%2Fv2%2Fmedia&parent=161"}],"curies":[{"name":"wp","href":"https:\/\/api.w.org\/{rel}","templated":true}]}}