{"id":1445,"date":"2024-10-04T11:26:41","date_gmt":"2024-10-04T10:26:41","guid":{"rendered":"https:\/\/ustniki.pl\/?page_id=1445"},"modified":"2026-02-18T09:59:18","modified_gmt":"2026-02-18T08:59:18","slug":"zautomatyzowane-badania-trzezwosci-pracownikow","status":"publish","type":"page","link":"https:\/\/ustniki.pl\/?page_id=1445","title":{"rendered":"Zautomatyzowane badania trze\u017awo\u015bci pracownik\u00f3w"},"content":{"rendered":"\t\t<div data-elementor-type=\"wp-page\" data-elementor-id=\"1445\" class=\"elementor elementor-1445\">\n\t\t\t\t\t\t<section class=\"elementor-section elementor-top-section elementor-element elementor-element-c81faa0 elementor-section-boxed elementor-section-height-default elementor-section-height-default\" data-id=\"c81faa0\" data-element_type=\"section\" data-e-type=\"section\">\n\t\t\t\t\t\t<div class=\"elementor-container elementor-column-gap-default\">\n\t\t\t\t\t<div class=\"elementor-column elementor-col-100 elementor-top-column elementor-element elementor-element-4e89716\" data-id=\"4e89716\" data-element_type=\"column\" data-e-type=\"column\">\n\t\t\t<div class=\"elementor-widget-wrap elementor-element-populated\">\n\t\t\t\t\t\t<div class=\"elementor-element elementor-element-111ad72 elementor-widget elementor-widget-text-editor\" data-id=\"111ad72\" data-element_type=\"widget\" data-e-type=\"widget\" data-widget_type=\"text-editor.default\">\n\t\t\t\t<div class=\"elementor-widget-container\">\n\t\t\t\t\t\t\t\t\t<p><strong>Nowoczesne rozwi\u0105zanie dla bezpieczniejszego miejsca pracy<\/strong><\/p><p>Bezpiecze\u0144stwo to priorytet ka\u017cdej odpowiedzialnej firmy \u2013 zw\u0142aszcza tam, gdzie pracownicy obs\u0142uguj\u0105 maszyny, pojazdy lub odpowiadaj\u0105 za zdrowie i \u017cycie innych os\u00f3b. Aby ograniczy\u0107 ryzyko zwi\u0105zane z prac\u0105 pod wp\u0142ywem alkoholu, coraz wi\u0119cej firm wdra\u017ca <strong>zautomatyzowane systemy bada\u0144 trze\u017awo\u015bci<\/strong>. System \u0142\u0105czymy z modu\u0142em BHP kt\u00f3ry nadzoruje podwykonawc\u00f3w-ich sprz\u0119t, wa\u017cno\u015b\u0107 bada\u0144 i inne elementy kt\u00f3re przypiszemy np. zgod\u0119 na badanie\u00a0 trze\u017awo\u015bci, deklaracja posiadanych\u00a0 uprawnie\u0144, itp.\u00a0 \u00a0\u00a0<\/p><p>Nowoczesne technologie umo\u017cliwiaj\u0105 szybkie, bezobs\u0142ugowe i obiektywne testy, kt\u00f3re skutecznie zwi\u0119kszaj\u0105 poziom bezpiecze\u0144stwa, efektywno\u015b\u0107 pracy oraz odpowiedzialno\u015b\u0107 za\u0142ogi.<\/p><p><strong>Dlaczego warto wdro\u017cy\u0107 automatyczne badania trze\u017awo\u015bci?<\/strong><\/p><p><strong>\u2705 Bezpiecze\u0144stwo przede wszystkim<\/strong><\/p><p>System gwarantuje, \u017ce ka\u017cdy pracownik przyst\u0119puje do pracy w stanie trze\u017awo\u015bci \u2013 co jest kluczowe w transporcie, logistyce, produkcji, budownictwie i innych bran\u017cach wysokiego ryzyka.<\/p><p><strong>\u2705 Oszcz\u0119dno\u015b\u0107 czasu i efektywno\u015b\u0107<\/strong><\/p><p>Badanie trwa kilka sekund i nie wymaga zaanga\u017cowania dodatkowego personelu. Systemy zintegrowane z szafkami na kluczyki czy urz\u0105dzeniami produkcyjnymi umo\u017cliwiaj\u0105 szybki dost\u0119p tylko po pozytywnym wyniku testu.<\/p><p><strong>\u2705 Obiektywno\u015b\u0107 i dyskrecja<\/strong><\/p><p>Systemy dzia\u0142aj\u0105 automatycznie \u2013 bez ocen subiektywnych, bez napi\u0119\u0107. Ka\u017cdy pracownik traktowany jest jednakowo, a dane s\u0105 chronione zgodnie z RODO.<\/p><p><strong>\u2705 Prewencja i odpowiedzialno\u015b\u0107<\/strong><\/p><p>Codzienna, nieunikniona kontrola wzmacnia odpowiedzialno\u015b\u0107 i \u015bwiadomo\u015b\u0107 pracownik\u00f3w \u2013 tak\u017ce poza godzinami pracy. Test\u00f3w nie da si\u0119 pomin\u0105\u0107 ani obej\u015b\u0107.<\/p><p><strong>Jak to dzia\u0142a?<\/strong><\/p><p>Zautomatyzowane badania trze\u017awo\u015bci mog\u0105 by\u0107 zintegrowane z:<\/p><ul><li>szafkami na kluczyki,<\/li><li>dost\u0119pem do maszyn lub pojazd\u00f3w,<\/li><li>bramkami wej\u015bciowymi do zak\u0142ad\u00f3w.<\/li><\/ul><p><strong>Proces przebiega nast\u0119puj\u0105co-rozwi\u0105zanie A<\/strong><\/p><ol><li>Pracownik podchodzi do urz\u0105dzenia i wykonuje test trze\u017awo\u015bci.<\/li><li><strong>Pozytywny wynik<\/strong> (brak alkoholu) = dost\u0119p odblokowany.<\/li><li><strong>Negatywny wynik<\/strong> (obecno\u015b\u0107 alkoholu) = dost\u0119p zablokowany, a system automatycznie informuje odpowiednie osoby.<\/li><\/ol><p>System dzia\u0142a automatycznie i niezale\u017cnie od nadzoru, co umo\u017cliwia <strong>ci\u0105g\u0142y monitoring<\/strong> bez konieczno\u015bci r\u0119cznego sprawdzania.<\/p><p>Posiadamy wiele rozwi\u0105za\u0144 bada\u0144 trze\u017awo\u015bci- losowo poza bramkami w zale\u017cno\u015bci od potrzeb klienta.\u00a0<\/p><p><strong>Korzy\u015bci dla firmy i pracownik\u00f3w<\/strong><\/p><p>\ud83d\udd38 <strong>Redukcja wypadk\u00f3w<\/strong><br \/>Mniej zdarze\u0144 zwi\u0105zanych z alkoholem to wi\u0119ksze bezpiecze\u0144stwo i mniej absencji.<\/p><p>\ud83d\udd38 <strong>Ochrona reputacji firmy<\/strong><br \/>System pokazuje, \u017ce firma dba o bezpiecze\u0144stwo \u2013 to wa\u017cne dla klient\u00f3w, kontrahent\u00f3w i pracownik\u00f3w.<\/p><p>\ud83d\udd38 <strong>Wzmocnienie dyscypliny i odpowiedzialno\u015bci<\/strong><br \/>Sprawiedliwy i codzienny system wzmacnia zaanga\u017cowanie i poczucie wsp\u00f3\u0142odpowiedzialno\u015bci.<\/p><p>\ud83d\udd38 <strong>Optymalizacja proces\u00f3w<\/strong><br \/>Automatyzacja bada\u0144 oznacza mniej przestoj\u00f3w i szybszy dost\u0119p do narz\u0119dzi, maszyn czy pojazd\u00f3w.<\/p><p><strong>Podsumowanie<\/strong><\/p><p><strong>Zautomatyzowane badania trze\u017awo\u015bci<\/strong> to skuteczne narz\u0119dzie prewencji, kt\u00f3re:<\/p><ul><li>zwi\u0119ksza bezpiecze\u0144stwo,<\/li><li>zmniejsza ryzyko wypadk\u00f3w,<\/li><li>poprawia efektywno\u015b\u0107 pracy,<\/li><li>wzmacnia kultur\u0119 odpowiedzialno\u015bci w zespole.<\/li><\/ul><p>W \u015bwiecie, gdzie liczy si\u0119 <strong>czas, jako\u015b\u0107 i bezpiecze\u0144stwo<\/strong>, to rozwi\u0105zanie nie tylko przysz\u0142o\u015bciowe \u2013 ale <strong>konieczne<\/strong>.<\/p><p><strong>\ud83d\udd27 Wdra\u017camy systemy automatycznego badania trze\u017awo\u015bci<\/strong><\/p><p>Dla ma\u0142ych i du\u017cych firm \u2013 od doradztwa po monta\u017c i serwis.<\/p><p>\ud83d\udcde <strong>Kontakt:<\/strong><br \/><strong>Tel. 501 134 201<\/strong><br \/><strong>Medart2000 \u2013 Bezpieczna praca zaczyna si\u0119 od trze\u017awego poranka.<\/strong><\/p>\t\t\t\t\t\t\t\t<\/div>\n\t\t\t\t<\/div>\n\t\t\t\t\t<\/div>\n\t\t<\/div>\n\t\t\t\t\t<\/div>\n\t\t<\/section>\n\t\t\t\t<section class=\"elementor-section elementor-top-section elementor-element elementor-element-9c36dce elementor-section-boxed elementor-section-height-default elementor-section-height-default\" data-id=\"9c36dce\" data-element_type=\"section\" data-e-type=\"section\">\n\t\t\t\t\t\t<div class=\"elementor-container elementor-column-gap-default\">\n\t\t\t\t\t<div class=\"elementor-column elementor-col-100 elementor-top-column elementor-element elementor-element-ffe1a9b\" data-id=\"ffe1a9b\" data-element_type=\"column\" data-e-type=\"column\">\n\t\t\t<div class=\"elementor-widget-wrap elementor-element-populated\">\n\t\t\t\t\t\t<div class=\"elementor-element elementor-element-8008cee elementor-widget elementor-widget-image\" data-id=\"8008cee\" data-element_type=\"widget\" data-e-type=\"widget\" data-widget_type=\"image.default\">\n\t\t\t\t<div class=\"elementor-widget-container\">\n\t\t\t\t\t\t\t\t\t\t\t\t\t\t\t<img fetchpriority=\"high\" decoding=\"async\" width=\"732\" height=\"748\" src=\"https:\/\/ustniki.pl\/wp-content\/uploads\/2026\/02\/strzelin-grafiki-razem.jpg\" class=\"attachment-large size-large wp-image-1769\" alt=\"\" srcset=\"https:\/\/ustniki.pl\/wp-content\/uploads\/2026\/02\/strzelin-grafiki-razem.jpg 732w, https:\/\/ustniki.pl\/wp-content\/uploads\/2026\/02\/strzelin-grafiki-razem-294x300.jpg 294w, https:\/\/ustniki.pl\/wp-content\/uploads\/2026\/02\/strzelin-grafiki-razem-433x442.jpg 433w\" sizes=\"(max-width: 732px) 100vw, 732px\" \/>\t\t\t\t\t\t\t\t\t\t\t\t\t\t\t<\/div>\n\t\t\t\t<\/div>\n\t\t\t\t\t<\/div>\n\t\t<\/div>\n\t\t\t\t\t<\/div>\n\t\t<\/section>\n\t\t\t\t<\/div>\n\t\t","protected":false},"excerpt":{"rendered":"<p>Nowoczesne rozwi\u0105zanie dla bezpieczniejszego miejsca pracy Bezpiecze\u0144stwo to priorytet ka\u017cdej odpowiedzialnej firmy \u2013 zw\u0142aszcza tam, gdzie pracownicy obs\u0142uguj\u0105 maszyny, pojazdy lub odpowiadaj\u0105 za zdrowie i \u017cycie innych os\u00f3b. Aby ograniczy\u0107 ryzyko zwi\u0105zane z prac\u0105 pod wp\u0142ywem alkoholu, coraz wi\u0119cej firm wdra\u017ca zautomatyzowane systemy bada\u0144 trze\u017awo\u015bci. System \u0142\u0105czymy z modu\u0142em BHP kt\u00f3ry nadzoruje podwykonawc\u00f3w-ich sprz\u0119t, wa\u017cno\u015b\u0107 [&hellip;]<\/p>\n","protected":false},"author":2,"featured_media":0,"parent":0,"menu_order":0,"comment_status":"closed","ping_status":"closed","template":"","meta":{"ocean_post_layout":"","ocean_both_sidebars_style":"","ocean_both_sidebars_content_width":0,"ocean_both_sidebars_sidebars_width":0,"ocean_sidebar":"","ocean_second_sidebar":"","ocean_disable_margins":"enable","ocean_add_body_class":"","ocean_shortcode_before_top_bar":"","ocean_shortcode_after_top_bar":"","ocean_shortcode_before_header":"","ocean_shortcode_after_header":"","ocean_has_shortcode":"","ocean_shortcode_after_title":"","ocean_shortcode_before_footer_widgets":"","ocean_shortcode_after_footer_widgets":"","ocean_shortcode_before_footer_bottom":"","ocean_shortcode_after_footer_bottom":"","ocean_display_top_bar":"default","ocean_display_header":"default","ocean_header_style":"","ocean_center_header_left_menu":"","ocean_custom_header_template":"","ocean_custom_logo":0,"ocean_custom_retina_logo":0,"ocean_custom_logo_max_width":0,"ocean_custom_logo_tablet_max_width":0,"ocean_custom_logo_mobile_max_width":0,"ocean_custom_logo_max_height":0,"ocean_custom_logo_tablet_max_height":0,"ocean_custom_logo_mobile_max_height":0,"ocean_header_custom_menu":"","ocean_menu_typo_font_family":"","ocean_menu_typo_font_subset":"","ocean_menu_typo_font_size":0,"ocean_menu_typo_font_size_tablet":0,"ocean_menu_typo_font_size_mobile":0,"ocean_menu_typo_font_size_unit":"px","ocean_menu_typo_font_weight":"","ocean_menu_typo_font_weight_tablet":"","ocean_menu_typo_font_weight_mobile":"","ocean_menu_typo_transform":"","ocean_menu_typo_transform_tablet":"","ocean_menu_typo_transform_mobile":"","ocean_menu_typo_line_height":0,"ocean_menu_typo_line_height_tablet":0,"ocean_menu_typo_line_height_mobile":0,"ocean_menu_typo_line_height_unit":"","ocean_menu_typo_spacing":0,"ocean_menu_typo_spacing_tablet":0,"ocean_menu_typo_spacing_mobile":0,"ocean_menu_typo_spacing_unit":"","ocean_menu_link_color":"","ocean_menu_link_color_hover":"","ocean_menu_link_color_active":"","ocean_menu_link_background":"","ocean_menu_link_hover_background":"","ocean_menu_link_active_background":"","ocean_menu_social_links_bg":"","ocean_menu_social_hover_links_bg":"","ocean_menu_social_links_color":"","ocean_menu_social_hover_links_color":"","ocean_disable_title":"default","ocean_disable_heading":"default","ocean_post_title":"","ocean_post_subheading":"","ocean_post_title_style":"","ocean_post_title_background_color":"","ocean_post_title_background":0,"ocean_post_title_bg_image_position":"","ocean_post_title_bg_image_attachment":"","ocean_post_title_bg_image_repeat":"","ocean_post_title_bg_image_size":"","ocean_post_title_height":0,"ocean_post_title_bg_overlay":0.5,"ocean_post_title_bg_overlay_color":"","ocean_disable_breadcrumbs":"default","ocean_breadcrumbs_color":"","ocean_breadcrumbs_separator_color":"","ocean_breadcrumbs_links_color":"","ocean_breadcrumbs_links_hover_color":"","ocean_display_footer_widgets":"default","ocean_display_footer_bottom":"default","ocean_custom_footer_template":"","footnotes":""},"class_list":["post-1445","page","type-page","status-publish","hentry","entry","owp-thumbs-layout-horizontal","owp-btn-normal","owp-tabs-layout-horizontal","has-no-thumbnails","has-product-nav"],"_links":{"self":[{"href":"https:\/\/ustniki.pl\/index.php?rest_route=\/wp\/v2\/pages\/1445","targetHints":{"allow":["GET"]}}],"collection":[{"href":"https:\/\/ustniki.pl\/index.php?rest_route=\/wp\/v2\/pages"}],"about":[{"href":"https:\/\/ustniki.pl\/index.php?rest_route=\/wp\/v2\/types\/page"}],"author":[{"embeddable":true,"href":"https:\/\/ustniki.pl\/index.php?rest_route=\/wp\/v2\/users\/2"}],"replies":[{"embeddable":true,"href":"https:\/\/ustniki.pl\/index.php?rest_route=%2Fwp%2Fv2%2Fcomments&post=1445"}],"version-history":[{"count":21,"href":"https:\/\/ustniki.pl\/index.php?rest_route=\/wp\/v2\/pages\/1445\/revisions"}],"predecessor-version":[{"id":1775,"href":"https:\/\/ustniki.pl\/index.php?rest_route=\/wp\/v2\/pages\/1445\/revisions\/1775"}],"wp:attachment":[{"href":"https:\/\/ustniki.pl\/index.php?rest_route=%2Fwp%2Fv2%2Fmedia&parent=1445"}],"curies":[{"name":"wp","href":"https:\/\/api.w.org\/{rel}","templated":true}]}}